f 258 and 269472?
6
Calculate the highest common divisor of 344056 and 7540.
116
What is the greatest common factor of 2015 and 132851095?
65
Calculate the highest common factor of 1058 and 53974376.
46
What is the highest common factor of 602872 and 461416?
3368
What is the highest common divisor of 1743202 and 2794?
254
What is the greatest common divisor of 1575 and 56204100?
225
What is the highest common divisor of 271766815 and 5?
5
What is the greatest common factor of 97172622 and 162?
162
Calculate the greatest common divisor of 1212 and 846084.
12
Calculate the greatest common factor of 325 and 1089156575.
325
Calculate the greatest common factor of 4239010 and 3270.
1090
Calculate the highest common divisor of 31216 and 113824.
16
What is the greatest common factor of 12 and 2090727708?
12
What is the highest common factor of 4624 and 72867304?
2312
Calculate the highest common divisor of 14555 and 5215.
5
Calculate the greatest common divisor of 1053322 and 636.
106
Calculate the highest common factor of 638260 and 3955.
35
What is the highest common factor of 1001052 and 4094?
46
What is the greatest common divisor of 10501870 and 98065?
8915
Calculate the highest common divisor of 16176 and 8348838.
2022
Calculate the highest common divisor of 36 and 372944430.
18
What is the highest common divisor of 17807 and 449?
1
Calculate the highest common factor of 392664 and 12.
12
What is the greatest common factor of 248 and 451732?
124
What is the greatest common factor of 30906480 and 21505?
1265
What is the greatest common divisor of 15631 and 267627283?
2233
Calculate the greatest common factor of 3511634 and 5831.
343
Calculate the highest common factor of 8695 and 64121.
37
What is the greatest common divisor of 14895020 and 2156?
196
What is the highest common factor of 43788345 and 390?
15
Calculate the highest common divisor of 124191 and 2727.
9
What is the highest common divisor of 116505528 and 96?
24
Calculate the highest common divisor of 670940 and 188.
4
Calculate the highest common factor of 4710 and 143527830.
4710
Calculate the highest common divisor of 1539 and 1865916.
81
What is the greatest common divisor of 21195949 and 69?
23
What is the highest common divisor of 1722 and 15601656?
42
What is the highest common factor of 419 and 1099433?
1
What is the highest common factor of 205927 and 46453300?
4789
What is the greatest common factor of 101 and 49535753?
101
Calculate the highest common divisor of 20514818 and 23755.
4751
Calculate the highest common divisor of 486345 and 60.
15
What is the greatest common factor of 855 and 1775721?
57
Calculate the greatest common factor of 8855063 and 10604.
241
What is the highest common divisor of 476 and 228399332?
28
What is the highest common factor of 5234706 and 1458?
486
Calculate the highest common divisor of 67774 and 3241308.
658
Calculate the highest common factor of 729 and 34468578.
729
Calculate the greatest common divisor of 1988 and 12443744.
284
Calculate the greatest common factor of 91503488 and 256.
128
Calculate the highest common divisor of 182 and 6733142.
26
What is the highest common divisor of 24023860 and 5656?
2828
What is the greatest common factor of 630 and 8756510?
70
What is the greatest common factor of 93 and 70401?
93
Calculate the highest common factor of 3271833 and 2187.
81
Calculate the greatest common factor of 51 and 175950561.
51
What is the greatest common factor of 179741673 and 81?
81
What is the highest common factor of 42 and 7244398?
14
What is the highest common factor of 46577858 and 2193?
731
Calculate the greatest common factor of 7742 and 200.
2
What is the greatest common divisor of 767320 and 196040?
40
What is the greatest common factor of 12246 and 1726179?
39
What is the highest common divisor of 211635 and 164580?
15
What is the greatest common divisor of 32639 and 780161?
127
What is the highest common factor of 39250991 and 403?
403
Calculate the greatest common divisor of 112 and 1079455636.
28
What is the highest common divisor of 13183529 and 537?
179
What is the greatest common factor of 47 and 1065115551?
47
What is the greatest common divisor of 2555388 and 75524?
956
Calculate the greatest common factor of 30719 and 1199848.
1807
Calculate the greatest common divisor of 16018698 and 844.
422
What is the highest common factor of 98364238 and 644?
322
What is the highest common divisor of 5438543361 and 23?
23
Calculate the greatest common factor of 16729917 and 1614.
807
Calculate the highest common divisor of 33117 and 704235.
399
What is the greatest common factor of 59449 and 109393154?
3497
What is the highest common factor of 128049181 and 377?
377
What is the highest common factor of 144 and 2483412?
12
Calculate the greatest common divisor of 2815869 and 3213.
21
Calculate the greatest common factor of 45799 and 2657863.
169
Calculate the greatest common factor of 423219584 and 32.
32
What is the highest common factor of 1449357 and 1365?
273
What is the greatest common divisor of 85330 and 8601635?
1855
What is the highest common divisor of 210 and 173811610?
70
Calculate the greatest common divisor of 31743573 and 4692.
51
What is the highest common divisor of 6771 and 2325107232?
6771
What is the greatest common factor of 214933 and 303918?
1369
What is the greatest common factor of 10968 and 3572826?
2742
Calculate the highest common divisor of 37343 and 48257.
107
What is the highest common divisor of 694 and 73853398?
694
Calculate the highest common divisor of 31431051 and 40959.
1107
What is the greatest common factor of 75 and 16258335?
15
Calculate the greatest common factor of 1947 and 530266.
11
Calculate the highest common divisor of 2285 and 89788618.
457
Calculate the greatest common divisor of 191 and 1858812.
191
Calculate the highest common divisor of 47085 and 294555.
1095
What is the highest common factor of 153 and 2416383?
9
Calculate the greatest common factor of 4117463 and 126.
7
What is the highest common divisor of 3532 and 383949592?
3532
What is the greatest common factor of 747 and 15473109?
249
Calculate the highest common factor of 868218 and 78.
78
What is the greatest common divisor of 187 and 752297447?
187
Calculate the highest common divisor of 24850 and 472292.
142
Calculate the greatest common divisor of 28 and 66847200.
28
What is the greatest common factor of 103 and 85985739?
103
What is the greatest common factor of 160 and 4679810?
10
Calculate the highest common factor of 5570613 and 3545.
709
Calculate the highest common factor of 2004848702 and 212.
106
Calculate the highest common factor of 20511 and 412499.
2279
Calculate the highest common divisor of 843 and 392619.
3
What is the highest common divisor of 1277 and 1542340168?
1277
Calculate the highest common divisor of 2030253572 and 6284.
6284
What is the greatest common divisor of 13055 and 68845?
35
What is the greatest common factor of 63848011 and 2?
1
Calculate the highest common divisor of 79439496 and 8.
8
What is the greatest common factor of 184 and 28768440?
8
What is the highest common factor of 176 and 68428712?
88
What is the greatest common factor of 44 and 121439?
1
Calculate the greatest common divisor of 1248651 and 15750.
9
Calculate the highest common divisor of 199260 and 23968764.
4428
What is the highest common divisor of 531 and 6426103?
59
Calculate the highest common factor of 35427 and 43139.
241
What is the highest common divisor of 209 and 63164189?
209
Calculate the highest common divisor of 30091992 and 504.
168
Calculate the highest common factor of 4424423179 and 187.
187
Calculate the greatest common factor of 29561 and 407038078.
4223
Calculate the greatest common factor of 176 and 35079.
11
Calculate the highest common divisor of 861000 and 89880.
840
What is the highest common factor of 2 and 4341046?
2
Calculate the greatest common factor of 1456 and 2233027888.
1456
Calculate the highest common factor of 1 and 46521291.
1
Calculate the highest common factor of 23969745 and 8415.
765
Calculate the greatest common factor of 317725968 and 14.
14
Calculate the greatest common factor of 14 and 72016882.
14
Calculate the greatest common divisor of 192 and 568600